57829357.
37
Calculate the highest common divisor of 2287 and 737724451.
2287
Calculate the greatest common divisor of 277693320 and 216.
24
Calculate the highest common divisor of 14119732 and 132.
44
Calculate the greatest common divisor of 8064 and 84310128.
1008
What is the highest common factor of 836 and 189464?
44
Calculate the highest common factor of 20181680 and 40.
40
Calculate the greatest common factor of 214 and 2744550.
214
What is the highest common divisor of 43 and 2704320482?
43
What is the highest common divisor of 113993806 and 1938?
646
What is the greatest common divisor of 283991230 and 2110?
2110
What is the greatest common factor of 486 and 23590?
2
What is the greatest common factor of 26509 and 460932?
541
What is the highest common factor of 100314 and 1398?
6
What is the greatest common divisor of 6898710 and 1950?
390
Calculate the highest common factor of 37040800 and 48.
16
What is the greatest common factor of 415558784 and 15185?
3037
What is the highest common divisor of 202899 and 113787?
141
What is the highest common factor of 79828 and 2126846?
5702
Calculate the greatest common factor of 220589833 and 7671.
2557
Calculate the greatest common factor of 2495004 and 4.
4
Calculate the greatest common divisor of 154 and 7348306.
14
Calculate the greatest common divisor of 9 and 212508567.
9
What is the highest common factor of 638687 and 644?
161
What is the highest common divisor of 323 and 95258191?
323
Calculate the highest common divisor of 8852129 and 39.
13
Calculate the greatest common divisor of 1265 and 117153080.
55
What is the greatest common divisor of 4630 and 168453290?
4630
What is the highest common divisor of 17111924 and 4837?
691
What is the greatest common factor of 51157128 and 102720?
2568
Calculate the highest common divisor of 405983334 and 12.
6
Calculate the greatest common divisor of 515889 and 227161.
2123
Calculate the greatest common factor of 5914307 and 1582.
791
What is the highest common divisor of 780 and 113359740?
780
Calculate the highest common divisor of 188860 and 598388.
1988
What is the greatest common divisor of 14973201 and 11296?
353
What is the highest common factor of 7 and 39169151?
7
Calculate the highest common divisor of 14322839 and 216891.
8033
What is the highest common factor of 173661 and 200946?
321
What is the greatest common divisor of 185927841 and 495?
99
What is the greatest common factor of 6831999 and 20619?
711
Calculate the highest common factor of 3240867 and 8547.
777
Calculate the greatest common factor of 3192 and 1022808.
456
What is the highest common divisor of 22869 and 650133?
3267
Calculate the highest common divisor of 102 and 4510270.
34
Calculate the highest common divisor of 3204236 and 6118.
266
Calculate the highest common divisor of 10376766 and 63.
9
What is the highest common factor of 4016 and 10204154?
502
Calculate the highest common factor of 4688 and 33553774.
586
What is the highest common factor of 2797115 and 83270?
3785
What is the highest common divisor of 10919783 and 3?
1
Calculate the greatest common divisor of 235458 and 43054.
206
Calculate the greatest common factor of 472208 and 602184.
88
What is the highest common divisor of 127155465 and 3030?
1515
What is the highest common factor of 2385 and 511605?
45
Calculate the greatest common divisor of 96512 and 1390376.
3016
What is the highest common factor of 2082384 and 564?
12
What is the greatest common divisor of 5236325 and 43?
43
Calculate the greatest common factor of 417249 and 3276.
63
Calculate the greatest common factor of 1160 and 494797768.
232
What is the highest common factor of 19840 and 22723?
31
What is the greatest common factor of 31536 and 6503716?
292
What is the highest common divisor of 132377216 and 144?
16
What is the highest common divisor of 224417 and 2763?
307
Calculate the highest common divisor of 78603 and 508459.
133
What is the greatest common factor of 96960 and 118683888?
4848
What is the highest common factor of 79265 and 103140?
955
What is the greatest common factor of 8 and 418329816?
8
Calculate the highest common factor of 16514752 and 353.
353
What is the greatest common factor of 137365 and 40?
5
What is the greatest common divisor of 135310 and 98?
14
What is the greatest common factor of 821 and 39481069?
821
What is the highest common factor of 5909327 and 78581?
179
What is the highest common divisor of 3090 and 3079185?
1545
What is the highest common divisor of 5352 and 123690072?
5352
What is the highest common factor of 660325837 and 4232?
529
Calculate the greatest common divisor of 198325290 and 155.
155
Calculate the highest common factor of 10258 and 52499552.
446
What is the greatest common factor of 40 and 40532480?
40
What is the greatest common factor of 70 and 24533120?
10
Calculate the highest common factor of 2209 and 2163833.
47
What is the greatest common factor of 2628 and 518?
2
Calculate the highest common factor of 726674 and 320678.
2942
Calculate the highest common divisor of 5508830 and 24190.
590
What is the greatest common factor of 2772 and 1975248?
396
What is the greatest common factor of 473693859 and 58?
29
What is the greatest common factor of 51890 and 21530?
10
Calculate the greatest common divisor of 12833 and 275753.
313
What is the greatest common divisor of 1680 and 5891256?
168
What is the highest common factor of 10704525 and 1625?
325
What is the greatest common divisor of 1755690 and 4005?
15
What is the greatest common factor of 152283 and 76574072?
2207
What is the greatest common divisor of 707251 and 799?
17
Calculate the greatest common factor of 647500 and 587375.
4625
Calculate the highest common divisor of 629 and 116807.
17
Calculate the highest common factor of 2098030 and 737.
11
Calculate the greatest common factor of 59762836 and 386.
386
What is the highest common divisor of 941287 and 5955?
397
What is the highest common factor of 138054 and 10507?
133
What is the greatest common divisor of 138598 and 16146?
46
Calculate the greatest common factor of 30174777 and 22145.
4429
Calculate the greatest common divisor of 8371115 and 3135.
95
Calculate the greatest common factor of 4784882 and 763.
109
What is the highest common divisor of 807639 and 2037?
21
Calculate the greatest common factor of 276 and 1024696.
92
What is the highest common divisor of 4642 and 34506518?
422
What is the greatest common divisor of 157963988 and 182?
182
Calculate the highest common factor of 5844 and 1377948.
12
What is the highest common factor of 17326191 and 786?
393
What is the greatest common factor of 162717 and 43800?
219
What is the highest common divisor of 15 and 143908455?
15
Calculate the highest common factor of 615392 and 224.
32
Calculate the greatest common factor of 39095826 and 924.
462
Calculate the greatest common divisor of 1765522 and 66.
22
Calculate the greatest common factor of 32 and 150994528.
32
Calculate the highest common factor of 38709 and 16537345.
4301
What is the greatest common factor of 258092 and 95033?
113
Calculate the highest common factor of 130 and 84035055.
65
What is the highest common divisor of 84 and 20456646?
42
Calculate the greatest common divisor of 7962959 and 1267697.
7591
Calculate the highest common divisor of 281650 and 6364.
86
Calculate the greatest common factor of 261999 and 2699199.
6093
What is the greatest common factor of 58 and 731844?
58
Calculate the greatest common factor of 185823529 and 9023.
1289
Calculate the greatest common factor of 273300 and 54862242.
5466
Calculate the highest common divisor of 135710 and 74374.
82
Calculate the highest common divisor of 912192 and 288.
96
Calculate the greatest common factor of 15967087 and 4689.
521
What is the greatest common divisor of 143360 and 25130?
70
Calculate the greatest common factor of 1598 and 21091203.
799
Calculate the greatest common factor of 149353 and 9087.
233
Calculate the greatest common divisor of 7383 and 38024911.
2461
What is the highest common factor of 5994 and 711880?
74
What is the highest common factor of 483236 and 11089?
13
Calculate the greatest common divisor of 3152203 and 15662.
41
Calculate the greatest common divisor of 